by 324?
10
What is the remainder when 711 is divided by 82?
55
What is the remainder when 78243 is divided by 105?
18
What is the remainder when 1681 is divided by 190?
161
What is the remainder when 5747 is divided by 5742?
5
Calculate the remainder when 910845 is divided by 593.
590
Calculate the remainder when 5066 is divided by 277.
80
Calculate the remainder when 1120 is divided by 890.
230
Calculate the remainder when 76277 is divided by 9519.
125
Calculate the remainder when 57794 is divided by 1070.
14
What is the remainder when 67755 is divided by 26?
25
What is the remainder when 405280 is divided by 433?
425
Calculate the remainder when 156079 is divided by 872.
863
What is the remainder when 549 is divided by 405?
144
What is the remainder when 2150 is divided by 2040?
110
Calculate the remainder when 29107 is divided by 10.
7
What is the remainder when 70417 is divided by 164?
61
What is the remainder when 265878 is divided by 170?
168
What is the remainder when 20739 is divided by 170?
169
What is the remainder when 14523 is divided by 26?
15
What is the remainder when 52419 is divided by 310?
29
Calculate the remainder when 4589996 is divided by 14.
12
Calculate the remainder when 37466 is divided by 4683.
2
Calculate the remainder when 53490 is divided by 1138.
4
What is the remainder when 2315 is divided by 256?
11
Calculate the remainder when 2375 is divided by 85.
80
Calculate the remainder when 32009 is divided by 302.
299
Calculate the remainder when 4675885 is divided by 127.
126
Calculate the remainder when 162537 is divided by 140.
137
Calculate the remainder when 2561 is divided by 633.
29
What is the remainder when 921438 is divided by 65?
63
What is the remainder when 2338 is divided by 1177?
1161
What is the remainder when 1064 is divided by 82?
80
What is the remainder when 858751 is divided by 9?
7
Calculate the remainder when 7607 is divided by 1485.
182
What is the remainder when 6645 is divided by 410?
85
What is the remainder when 3320178 is divided by 164?
162
What is the remainder when 187381 is divided by 46841?
17
What is the remainder when 71055 is divided by 156?
75
What is the remainder when 400 is divided by 236?
164
Calculate the remainder when 12205 is divided by 110.
105
Calculate the remainder when 115427 is divided by 517.
136
Calculate the remainder when 7440 is divided by 1038.
174
What is the remainder when 2081 is divided by 255?
41
What is the remainder when 797 is divided by 103?
76
What is the remainder when 1747 is divided by 1738?
9
What is the remainder when 7038 is divided by 193?
90
Calculate the remainder when 523557 is divided by 523556.
1
Calculate the remainder when 3500 is divided by 482.
126
What is the remainder when 3131 is divided by 101?
0
Calculate the remainder when 2278 is divided by 69.
1
Calculate the remainder when 23693 is divided by 1702.
1567
What is the remainder when 8124 is divided by 581?
571
What is the remainder when 1051 is divided by 356?
339
What is the remainder when 1153 is divided by 1134?
19
What is the remainder when 5162 is divided by 137?
93
What is the remainder when 7334 is divided by 3651?
32
What is the remainder when 20384 is divided by 205?
89
Calculate the remainder when 146038 is divided by 20855.
53
Calculate the remainder when 276294 is divided by 46.
18
Calculate the remainder when 5720 is divided by 272.
8
What is the remainder when 93093 is divided by 151?
77
Calculate the remainder when 41364 is divided by 4593.
27
Calculate the remainder when 15169 is divided by 205.
204
What is the remainder when 58197 is divided by 100?
97
What is the remainder when 42767 is divided by 382?
365
Calculate the remainder when 6801 is divided by 54.
51
Calculate the remainder when 420502 is divided by 171.
13
Calculate the remainder when 311 is divided by 291.
20
What is the remainder when 74956 is divided by 377?
310
What is the remainder when 26508 is divided by 2646?
48
Calculate the remainder when 34778 is divided by 435.
413
What is the remainder when 4367 is divided by 194?
99
Calculate the remainder when 8324 is divided by 225.
224
Calculate the remainder when 8652 is divided by 4291.
70
Calculate the remainder when 18592 is divided by 600.
592
What is the remainder when 1297740 is divided by 18539?
10
What is the remainder when 1730 is divided by 670?
390
What is the remainder when 293 is divided by 287?
6
Calculate the remainder when 303495 is divided by 29.
10
What is the remainder when 15419 is divided by 700?
19
Calculate the remainder when 10505 is divided by 870.
65
Calculate the remainder when 4035 is divided by 172.
79
What is the remainder when 117341 is divided by 1524?
1517
What is the remainder when 3586 is divided by 1106?
268
Calculate the remainder when 175003 is divided by 902.
15
What is the remainder when 635 is divided by 282?
71
What is the remainder when 5873 is divided by 25?
23
What is the remainder when 722324 is divided by 25?
24
What is the remainder when 40894 is divided by 1165?
119
What is the remainder when 46900 is divided by 73?
34
Calculate the remainder when 4768 is divided by 6.
4
What is the remainder when 35180 is divided by 345?
335
Calculate the remainder when 321698 is divided by 25.
23
What is the remainder when 8315 is divided by 245?
230
Calculate the remainder when 7135 is divided by 1029.
961
Calculate the remainder when 2515 is divided by 330.
205
Calculate the remainder when 86295 is divided by 23.
22
What is the remainder when 2017533 is divided by 2368?
2365
What is the remainder when 44787 is divided by 3444?
15
What is the remainder when 121599 is divided by 200?
199
What is the remainder when 32856 is divided by 177?
111
Calculate the remainder when 457 is divided by 19.
1
Calculate the remainder when 22129 is divided by 300.
229
Calculate the remainder when 38783 is divided by 58.
39
What is the remainder when 180371 is divided by 16394?
37
Calculate the remainder when 565 is divided by 531.
34
What is the remainder when 900865 is divided by 59?
53
Calculate the remainder when 30790 is divided by 24.
22
Calculate the remainder when 84577 is divided by 677.
629
What is the remainder when 25966 is divided by 279?
19
What is the remainder when 3331 is divided by 239?
224
What is the remainder when 54485 is divided by 3401?
69
Calculate the remainder when 24350 is divided by 175.
25
Calculate the remainder when 193548 is divided by 350.
348
Calculate the remainder when 80509 is divided by 166.
165
Calculate the remainder when 89151 is divided by 2291.
2093
What is the remainder when 3241 is divided by 1619?
3
Calculate the remainder when 2751 is divided by 351.
294
Calculate the remainder when 1852999 is divided by 1000.
999
Calculate the remainder when 15725 is divided by 24.
5
What is the remainder when 100777 is divided by 12?
1
What is the remainder when 4962 is divided by 837?
777
What is the remainder when 1341 is divided by 1330?
11
Calculate the remainder when 74557 is divided by 80.
77
What is the remainder when 153072 is divided by 27?
9
Calculate the remainder when 1287 is divided by 86.
83
Calculate the remainder when 129999 is divided by 282.
279
Calculate the remainder when 817359 is divided by 34.
33
Calculate the remainder when 9462 is divided by 139.
10
What is the remainder when 73918 is divided by 66?
64
What is the remainder when 45137 is divided by 38?
31
What is the remainder when 98580 is divided by 59?
50
Calculate the remainder when 1925 is divided by 631.
32
What is the remainder when 9815 is divided by 260?
195
What is the remainder when 1799 is divided by 230?
189
Calculate the remainder when 280300 is divided by 137.
135
What is the remainder when 3314 is divided by 559?
519
What is the remainder when 31663 is divided by 42?
37
Calculate the remainder when 1354 is divided by 20.
14
What is the remainder when 871 is divided by 318?
235
Calculate the remainder when 36412 is divided by 16.
12
Calculate the remainder when 147179 is divided by 165.
164
What is the remainder when 12901 is divided by 2560?
101
Calculate the remainder when 39684 is divided by 46.
32
Calculate the remainder when 14956 is divided by 607.
388
Calculate the remainder when 1990246 is divided by 